{"id":56,"date":"2014-10-06T17:32:03","date_gmt":"2014-10-06T17:32:03","guid":{"rendered":"http:\/\/www.topokna.pl\/?page_id=56"},"modified":"2025-11-22T17:35:40","modified_gmt":"2025-11-22T16:35:40","slug":"kontakt","status":"publish","type":"page","link":"https:\/\/www.topokna.pl\/?page_id=56","title":{"rendered":"Kontakt"},"content":{"rendered":"<h4>Prosimy o kontakt poprzez o poprzez e-mail lub telefon, odpiszemy lub oddzwonimy, dzi\u0119kujemy!<\/h4>\n<table>\n<tbody>\n<tr>\n<td style=\"width: 550px; text-align: left; vertical-align: top;\"><\/td>\n<td style=\"text-align: left; vertical-align: top; width: 300px;\">TOP OKNA<\/p>\n<p>e-mail: topokna@op.pl<\/p>\n<p>&nbsp;<\/p>\n<p>telefon:<br \/>\nkom. 505 138 570<br \/>\nbiuro 71\u00a0373 91 16<\/p>\n<p>&nbsp;<\/p>\n<p>adres:<\/p>\n<p>ul. Dokerska 12<br \/>\n54-142 Wroc\u0142aw<br \/>\nwoj. dolno\u015bl\u0105skie<\/td>\n<\/tr>\n<\/tbody>\n<\/table>\n<p>&nbsp;<\/p>\n<p>&nbsp;<\/p>\n<p>&nbsp;<\/p>\n<p>&nbsp;<\/p>\n","protected":false},"excerpt":{"rendered":"<p>Prosimy o kontakt poprzez o poprzez e-mail lub telefon, odpiszemy lub oddzwonimy, dzi\u0119kujemy! TOP OKNA e-mail: topokna@op.pl &nbsp; telefon: kom. 505 138 570 biuro 71\u00a0373 91 16 &nbsp; adres: ul. Dokerska 12 54-142 Wroc\u0142aw woj. dolno\u015bl\u0105skie &nbsp; &nbsp; &nbsp; &nbsp;<\/p>\n","protected":false},"author":3,"featured_media":0,"parent":0,"menu_order":0,"comment_status":"closed","ping_status":"open","template":"","meta":{"footnotes":""},"class_list":["post-56","page","type-page","status-publish","czr-hentry"],"_links":{"self":[{"href":"https:\/\/www.topokna.pl\/index.php?rest_route=\/wp\/v2\/pages\/56","targetHints":{"allow":["GET"]}}],"collection":[{"href":"https:\/\/www.topokna.pl\/index.php?rest_route=\/wp\/v2\/pages"}],"about":[{"href":"https:\/\/www.topokna.pl\/index.php?rest_route=\/wp\/v2\/types\/page"}],"author":[{"embeddable":true,"href":"https:\/\/www.topokna.pl\/index.php?rest_route=\/wp\/v2\/users\/3"}],"replies":[{"embeddable":true,"href":"https:\/\/www.topokna.pl\/index.php?rest_route=%2Fwp%2Fv2%2Fcomments&post=56"}],"version-history":[{"count":23,"href":"https:\/\/www.topokna.pl\/index.php?rest_route=\/wp\/v2\/pages\/56\/revisions"}],"predecessor-version":[{"id":480,"href":"https:\/\/www.topokna.pl\/index.php?rest_route=\/wp\/v2\/pages\/56\/revisions\/480"}],"wp:attachment":[{"href":"https:\/\/www.topokna.pl\/index.php?rest_route=%2Fwp%2Fv2%2Fmedia&parent=56"}],"curies":[{"name":"wp","href":"https:\/\/api.w.org\/{rel}","templated":true}]}}