{"id":121,"date":"2017-09-28T14:18:22","date_gmt":"2017-09-28T13:18:22","guid":{"rendered":"http:\/\/www.topokna.pl\/?page_id=121"},"modified":"2018-07-19T15:51:27","modified_gmt":"2018-07-19T14:51:27","slug":"rolety-wewnetrzne","status":"publish","type":"page","link":"https:\/\/www.topokna.pl\/?page_id=121","title":{"rendered":"Os\u0142ony wewn\u0119trzne"},"content":{"rendered":"<ul>\n<li>\n<p>\n\t\t\t<span style=\"font-family:arial,helvetica,sans-serif;\"><a href=\"http:\/\/www.topokna.pl\/?page_id=356\"><span style=\"color:#696969;\"><span style=\"font-size:24px;\">Rolety materia\u0142owe<\/span><\/span><\/a><\/span>\n\t\t<\/p>\n<\/li>\n<li>\n<p>\n\t\t\t<span style=\"font-family:arial,helvetica,sans-serif;\"><a href=\"http:\/\/www.topokna.pl\/?page_id=358\"><span style=\"color:#696969;\"><span style=\"font-size:24px;\">Rolety do okien dachowych<\/span><\/span><\/a><\/span>\n\t\t<\/p>\n<\/li>\n<li>\n<p>\n\t\t\t<a href=\"http:\/\/www.topokna.pl\/?page_id=360\"><span style=\"font-family:arial,helvetica,sans-serif;\"><span style=\"color:#696969;\"><span style=\"font-size:24px;\">\u017baluzje plisowane<\/span><\/span><\/span><\/a>\n\t\t<\/p>\n<\/li>\n<li>\n<p>\n\t\t\t<a href=\"http:\/\/www.topokna.pl\/?page_id=362\"><span style=\"font-family:arial,helvetica,sans-serif;\"><span style=\"font-size:24px;\"><span style=\"color:#696969;\">\u017baluzje&nbsp;poziom<\/span><\/span><span style=\"color:#696969;\"><span style=\"font-size:24px;\">e<\/span><\/span><\/span><\/a>\n\t\t<\/p>\n<\/li>\n<li>\n<p>\n\t\t\t<span style=\"font-family:arial,helvetica,sans-serif;\"><a href=\"http:\/\/www.topokna.pl\/?page_id=364\"><span style=\"color:#696969;\"><span style=\"font-size:24px;\">Moskitiery<\/span><\/span><\/a><\/span>\n\t\t<\/p>\n<\/li>\n<\/ul>\n","protected":false},"excerpt":{"rendered":"<p>Rolety materia\u0142owe Rolety do okien dachowych \u017baluzje plisowane \u017baluzje&nbsp;poziome Moskitiery<\/p>\n","protected":false},"author":2,"featured_media":0,"parent":0,"menu_order":0,"comment_status":"closed","ping_status":"closed","template":"","meta":{"footnotes":""},"class_list":["post-121","page","type-page","status-publish","czr-hentry"],"_links":{"self":[{"href":"https:\/\/www.topokna.pl\/index.php?rest_route=\/wp\/v2\/pages\/121","targetHints":{"allow":["GET"]}}],"collection":[{"href":"https:\/\/www.topokna.pl\/index.php?rest_route=\/wp\/v2\/pages"}],"about":[{"href":"https:\/\/www.topokna.pl\/index.php?rest_route=\/wp\/v2\/types\/page"}],"author":[{"embeddable":true,"href":"https:\/\/www.topokna.pl\/index.php?rest_route=\/wp\/v2\/users\/2"}],"replies":[{"embeddable":true,"href":"https:\/\/www.topokna.pl\/index.php?rest_route=%2Fwp%2Fv2%2Fcomments&post=121"}],"version-history":[{"count":13,"href":"https:\/\/www.topokna.pl\/index.php?rest_route=\/wp\/v2\/pages\/121\/revisions"}],"predecessor-version":[{"id":462,"href":"https:\/\/www.topokna.pl\/index.php?rest_route=\/wp\/v2\/pages\/121\/revisions\/462"}],"wp:attachment":[{"href":"https:\/\/www.topokna.pl\/index.php?rest_route=%2Fwp%2Fv2%2Fmedia&parent=121"}],"curies":[{"name":"wp","href":"https:\/\/api.w.org\/{rel}","templated":true}]}}